396?
1
What is the thousands digit of 230048222?
8
What is the hundred thousands digit of 10834928?
8
What is the ten thousands digit of 47658202?
5
What is the tens digit of 219682118?
1
What is the units digit of 3772508563?
3
What is the thousands digit of 245414751?
4
What is the hundred millions digit of 948530439?
9
What is the units digit of 576603572?
2
What is the hundred millions digit of 892135076?
8
What is the ten thousands digit of 2767689887?
8
What is the ten thousands digit of 1059216631?
1
What is the tens digit of 12135650?
5
What is the thousands digit of 92429564?
9
What is the thousands digit of 51579160?
9
What is the ten thousands digit of 591038081?
3
What is the hundred thousands digit of 67060082?
0
What is the tens digit of 84759034?
3
What is the millions digit of 306959021?
6
What is the ten millions digit of 324147265?
2
What is the millions digit of 27913102?
7
What is the millions digit of 1312195269?
2
What is the ten thousands digit of 99738748?
3
What is the hundreds digit of 2185850017?
0
What is the ten thousands digit of 1241676470?
7
What is the units digit of 9735904?
4
What is the ten thousands digit of 1082371858?
7
What is the tens digit of 33291907?
0
What is the units digit of 852117036?
6
What is the hundred thousands digit of 100990972?
9
What is the hundreds digit of 28215218?
2
What is the ten millions digit of 507685614?
0
What is the billions digit of 1606926085?
1
What is the hundred thousands digit of 42706117?
7
What is the thousands digit of 121270757?
0
What is the ten millions digit of 28346292?
2
What is the hundreds digit of 272945181?
1
What is the ten millions digit of 55857602?
5
What is the hundred thousands digit of 2528882502?
8
What is the billions digit of 2811009196?
2
What is the hundred thousands digit of 2821402434?
4
What is the ten thousands digit of 3246262138?
6
What is the hundreds digit of 59514528?
5
What is the ten millions digit of 169089673?
6
What is the hundreds digit of 137513757?
7
What is the thousands digit of 98376572?
6
What is the hundred millions digit of 2775104073?
7
What is the millions digit of 477209641?
7
What is the ten millions digit of 16766872?
1
What is the tens digit of 298003515?
1
What is the ten millions digit of 29417033?
2
What is the hundred millions digit of 813873446?
8
What is the thousands digit of 13669308?
9
What is the thousands digit of 1649142382?
2
What is the ten millions digit of 126457516?
2
What is the hundred thousands digit of 166671243?
6
What is the ten thousands digit of 123187893?
8
What is the hundred millions digit of 661074114?
6
What is the tens digit of 26517494?
9
What is the ten thousands digit of 33017567?
1
What is the ten millions digit of 14357431?
1
What is the thousands digit of 308541891?
1
What is the hundred thousands digit of 63799607?
7
What is the ten millions digit of 88832566?
8
What is the tens digit of 255313897?
9
What is the hundreds digit of 3026208104?
1
What is the millions digit of 312066545?
2
What is the billions digit of 1803555912?
1
What is the tens digit of 865502844?
4
What is the ten thousands digit of 25451609?
5
What is the hundred thousands digit of 382105392?
1
What is the millions digit of 1628027596?
8
What is the hundred millions digit of 373735977?
3
What is the hundred thousands digit of 27484215?
4
What is the hundred thousands digit of 420798542?
7
What is the ten millions digit of 1750066469?
5
What is the tens digit of 47640878?
7
What is the hundred thousands digit of 38465153?
4
What is the millions digit of 18208921?
8
What is the millions digit of 425598533?
5
What is the millions digit of 1379760373?
9
What is the hundreds digit of 1156396847?
8
What is the thousands digit of 5743870?
3
What is the thousands digit of 189582877?
2
What is the thousands digit of 433874889?
4
What is the ten thousands digit of 438863169?
6
What is the hundred thousands digit of 252518495?
5
What is the tens digit of 33656601?
0
What is the hundreds digit of 780736735?
7
What is the ten thousands digit of 200878070?
7
What is the hundred thousands digit of 63361240?
3
What is the hundred millions digit of 240202482?
2
What is the units digit of 237617800?
0
What is the thousands digit of 161972114?
2
What is the thousands digit of 115356991?
6
What is the billions digit of 1538912762?
1
What is the hundreds digit of 128662894?
8
What is the tens digit of 2718409028?
2
What is the thousands digit of 81526588?
6
What is the tens digit of 55109248?
4
What is the ten thousands digit of 137605698?
0
What is the tens digit of 930319795?
9
What is the thousands digit of 21966192?
6
What is the hundreds digit of 154871968?
9
What is the millions digit of 100812162?
0
What is the units digit of 191456166?
6
What is the hundred thousands digit of 2949947697?
9
What is the tens digit of 1360261867?
6
What is the thousands digit of 1759663190?
3
What is the hundred millions digit of 1043094272?
0
What is the ten millions digit of 4319243897?
1
What is the hundred thousands digit of 137505159?
5
What is the hundred thousands digit of 756858?
7
What is the ten thousands digit of 393575114?
7
What is the hundred millions digit of 479019870?
4
What is the ten thousands digit of 1218896081?
9
What is the units digit of 1388771023?
3
What is the hundred millions digit of 139123095?
1
What is the ten millions digit of 390091587?
9
What is the thousands digit of 552131191?
1
What is the thousands digit of 1274062830?
2
What is the tens digit of 492142035?
3
What is the ten thousands digit of 50184264?
8
What is the tens digit of 219853456?
5
What is the units digit of 57961677?
7
What is the ten millions digit of 121508782?
2
What is the units digit of 7245696869?
9
What is the millions digit of 43858918?
3
What is the thousands digit of 384030572?
0
What is the hundreds digit of 1708492043?
0
What is the ten thousands digit of 373718840?
1
What is the ten thousands digit of 2907397726?
9
What is the billions digit of 2665478856?
2
What is the hundreds digit of 759664978?
9
What is the millions digit of 86662809?
6
What is the units digit of 49978560?
0
What is the tens digit of 1491785391?
9
What is the millions digit of 6680266782?
0
What is the thousands digit of 758617363?
7
What is the millions digit of 25653856?
5
What is the tens digit of 866571814?
1
What is the thousands digit of 640903717?
3
What is the hundreds digit of 2041060717?
7
What is the thousands digit of 1658739436?
9
What is the thousands digit of 230734743?
4
What is the ten thousands digit of 63091853?
9
What is the thousands digit of 369078725?
8
What is the ten thousands digit of 19285257?
8
What is the tens digit of 1638237?
3
What is the hundreds digit of 262114483?
4
What is the hundreds digit of 2667282211?
2
What is the tens digit of 149484052?
5
What is the hundreds digit of 194079143?
1
What is the hundred millions digit of 132779320?
1
What is the tens digit of 114294318?
1
What is the ten thousands digit of 646505058?
0
What is the ten millions digit of 34084392?
3
What is the ten thousands digit of 155565086?
6
What is the hundred thousands digit of 21270754?
2
What is the thousands digit of 63837100?
7
What is the millions digit of 3731251880?
1
What is the thousands digit of 3660756?
0
What is the ten millions digit of 1990378795?
9
What is the units digit of 47977860?
0
What is the units digit of 11722283?
3
What is the hundred thousands digit of 433137621?
1
What is the hundred thousands digit of 94206540?
2
What is the hundreds digit of 3113130448?
4
What is the millions digit of 230309732?
0
What is the hundreds digit of 4117638726?
7
What is the units digit of 419343379?
9
What is the tens digit of 57964898?
9
What is the hundreds digit of 34792342?
3
What is the hundreds digit of 120258444?
4
What is the millions digit of 274461676?
4
What is the thousands digit of 60490255?
0
What is the ten thousands digit of 526006450?
0
What is the millions digit of 1124019055?
4
What is the ten thousands digit of 1275642040?
4
What is the thousands digit of 275075783?
5
What is the millions digit of 191754537?
1
What is the units digit of 474682488?
8
What is the units digit of 178114955?
5
What is the units digit o